{"id":32,"date":"2022-06-28T12:51:03","date_gmt":"2022-06-28T12:51:03","guid":{"rendered":"https:\/\/artwebsites.com.br\/eletronicos\/?post_type=product&#038;p=32"},"modified":"2023-02-02T17:41:00","modified_gmt":"2023-02-02T17:41:00","slug":"bolo-alpes","status":"publish","type":"product","link":"https:\/\/artwebsites.com.br\/eletronicos\/produto\/bolo-alpes\/","title":{"rendered":"Mouse Ambidestro 7000dpi"},"content":{"rendered":"<p>Mouse Gamer Rgb Ambidestro 7000dpi Colmeia Com Drive Macro<\/p>\n<p>Bot\u00f3es com alta precis\u00e3o<\/p>\n<p>ESPECIFICA\u00c7\u00d5ES:<\/p>\n<p>&#8211; Luzes de LED e efeitos de DJ que criam uma atmosfera de festa (A cor n\u00e3o altera)<\/p>\n<p>&#8211; Sincroniza\u00e7\u00e3o imediata com o PC<\/p>\n<p>&#8211; Reproduz em V\u00eddeo-Game que seja compat\u00edvel (O LED pode n\u00e3o funcionar)<\/p>\n<p>&#8211; Op\u00e7\u00f5es de cores ideais para o seu estilo<\/p>\n<p>&#8211; Bot\u00f5es program\u00e1veis<\/p>\n<p>ITENS INCLUSOS:<\/p>\n<p>&#8211; 1 BALDER Gamer &#8211; Evolut 12 Meses de garantia.<\/p>\n","protected":false},"excerpt":{"rendered":"<p>Mouse Gamer Rgb Ambidestro 7000dpi Colmeia Com Drive Macro<\/p>\n","protected":false},"featured_media":2730,"comment_status":"open","ping_status":"closed","template":"","meta":[],"product_cat":[16],"product_tag":[],"class_list":["post-32","product","type-product","status-publish","has-post-thumbnail","hentry","product_cat-mouse"],"_links":{"self":[{"href":"https:\/\/artwebsites.com.br\/eletronicos\/wp-json\/wp\/v2\/product\/32","targetHints":{"allow":["GET"]}}],"collection":[{"href":"https:\/\/artwebsites.com.br\/eletronicos\/wp-json\/wp\/v2\/product"}],"about":[{"href":"https:\/\/artwebsites.com.br\/eletronicos\/wp-json\/wp\/v2\/types\/product"}],"replies":[{"embeddable":true,"href":"https:\/\/artwebsites.com.br\/eletronicos\/wp-json\/wp\/v2\/comments?post=32"}],"version-history":[{"count":3,"href":"https:\/\/artwebsites.com.br\/eletronicos\/wp-json\/wp\/v2\/product\/32\/revisions"}],"predecessor-version":[{"id":4605,"href":"https:\/\/artwebsites.com.br\/eletronicos\/wp-json\/wp\/v2\/product\/32\/revisions\/4605"}],"wp:featuredmedia":[{"embeddable":true,"href":"https:\/\/artwebsites.com.br\/eletronicos\/wp-json\/wp\/v2\/media\/2730"}],"wp:attachment":[{"href":"https:\/\/artwebsites.com.br\/eletronicos\/wp-json\/wp\/v2\/media?parent=32"}],"wp:term":[{"taxonomy":"product_cat","embeddable":true,"href":"https:\/\/artwebsites.com.br\/eletronicos\/wp-json\/wp\/v2\/product_cat?post=32"},{"taxonomy":"product_tag","embeddable":true,"href":"https:\/\/artwebsites.com.br\/eletronicos\/wp-json\/wp\/v2\/product_tag?post=32"}],"curies":[{"name":"wp","href":"https:\/\/api.w.org\/{rel}","templated":true}]}}