{"id":31,"date":"2022-06-28T12:51:03","date_gmt":"2022-06-28T12:51:03","guid":{"rendered":"https:\/\/artwebsites.com.br\/eletronicos\/?post_type=product&#038;p=31"},"modified":"2023-02-02T14:13:40","modified_gmt":"2023-02-02T14:13:40","slug":"doce-festa-cento","status":"publish","type":"product","link":"https:\/\/artwebsites.com.br\/eletronicos\/produto\/doce-festa-cento\/","title":{"rendered":"Teclado Gamer Semi Mecanico"},"content":{"rendered":"<p>Teclado Gamer Semi Mecanico Barato Iluminado Rgb Em Ptbr<\/p>\n<p>ESPECIFICA\u00c7\u00d5ES:<\/p>\n<p>&#8211; Luzes de LED e efeitos de DJ que criam uma atmosfera de festa (A cor n\u00e3o altera)<\/p>\n<p>&#8211; Sincroniza\u00e7\u00e3o imediata com o PC<\/p>\n<p>&#8211; Reproduz em V\u00eddeo-Game que seja compat\u00edvel (O LED pode n\u00e3o funcionar)<\/p>\n<p>&#8211; Op\u00e7\u00f5es de cores ideais para o seu estilo<\/p>\n<p>&#8211; Bot\u00f5es de ajuste de volume<\/p>\n<p>Modo de uso:<\/p>\n<p>FN + SCROLL LOCK &#8211; Troca de cor (fixa)<\/p>\n<p>FN + page up ou page down &#8211; Aumenta e diminui intensidade de ilumina\u00e7\u00e3o<\/p>\n<p>ITENS INCLUSOS:<\/p>\n<p>&#8211; 1 Teclado Gamer Membrana Semi Mecanico<\/p>\n<p>&nbsp;<\/p>\n","protected":false},"excerpt":{"rendered":"<p>Teclado Gamer Semi Mecanico Barato Iluminado Rgb Em Ptbr<\/p>\n","protected":false},"featured_media":2735,"comment_status":"open","ping_status":"closed","template":"","meta":[],"product_cat":[22],"product_tag":[],"class_list":["post-31","product","type-product","status-publish","has-post-thumbnail","hentry","product_cat-teclado"],"_links":{"self":[{"href":"https:\/\/artwebsites.com.br\/eletronicos\/wp-json\/wp\/v2\/product\/31","targetHints":{"allow":["GET"]}}],"collection":[{"href":"https:\/\/artwebsites.com.br\/eletronicos\/wp-json\/wp\/v2\/product"}],"about":[{"href":"https:\/\/artwebsites.com.br\/eletronicos\/wp-json\/wp\/v2\/types\/product"}],"replies":[{"embeddable":true,"href":"https:\/\/artwebsites.com.br\/eletronicos\/wp-json\/wp\/v2\/comments?post=31"}],"version-history":[{"count":2,"href":"https:\/\/artwebsites.com.br\/eletronicos\/wp-json\/wp\/v2\/product\/31\/revisions"}],"predecessor-version":[{"id":2738,"href":"https:\/\/artwebsites.com.br\/eletronicos\/wp-json\/wp\/v2\/product\/31\/revisions\/2738"}],"wp:featuredmedia":[{"embeddable":true,"href":"https:\/\/artwebsites.com.br\/eletronicos\/wp-json\/wp\/v2\/media\/2735"}],"wp:attachment":[{"href":"https:\/\/artwebsites.com.br\/eletronicos\/wp-json\/wp\/v2\/media?parent=31"}],"wp:term":[{"taxonomy":"product_cat","embeddable":true,"href":"https:\/\/artwebsites.com.br\/eletronicos\/wp-json\/wp\/v2\/product_cat?post=31"},{"taxonomy":"product_tag","embeddable":true,"href":"https:\/\/artwebsites.com.br\/eletronicos\/wp-json\/wp\/v2\/product_tag?post=31"}],"curies":[{"name":"wp","href":"https:\/\/api.w.org\/{rel}","templated":true}]}}