{"id":2781,"date":"2022-12-06T14:37:46","date_gmt":"2022-12-06T14:37:46","guid":{"rendered":"https:\/\/artwebsites.com.br\/eletronicos\/?post_type=product&#038;p=2781"},"modified":"2023-02-02T14:09:04","modified_gmt":"2023-02-02T14:09:04","slug":"samsung-galaxy-s10-128gb-azul-outlet","status":"publish","type":"product","link":"https:\/\/artwebsites.com.br\/eletronicos\/produto\/samsung-galaxy-s10-128gb-azul-outlet\/","title":{"rendered":"Samsung Galaxy S10 128GB"},"content":{"rendered":"<h5 class=\"product__title js-product-name\">Samsung Galaxy S10 128GB Azul Outlet<\/h5>\n<p>Caracter\u00edsticas t\u00e9cnicas<br \/>\nC\u00e2mera frontal principal: 10 MP<br \/>\nC\u00e2mera traseira principal: 12.2 MP + 12MP telephoto + 16MP ultrawide<br \/>\nMem\u00f3ria interna: 128 \/ 512 GB<br \/>\nProcessador: Samsung Exynos 9 Octa 9820 (8nm)<\/p>\n<p>C\u00e2mera<br \/>\nFrontal<br \/>\n10 MP<br \/>\nExtras<br \/>\nOIS: Estabiliza\u00e7\u00e3o \u00f3tica<br \/>\nTraseira<br \/>\n12.2 MP + 12MP telephoto + 16MP ultrawide<\/p>\n<p>Mem\u00f3ria<br \/>\nExpans\u00edvel<br \/>\nAt\u00e9 1 TB<br \/>\nRAM<br \/>\n8GB<br \/>\nInterna<br \/>\n128 \/ 512 GB<\/p>\n<p>Conectividade<br \/>\nRede<br \/>\n2G, 3G, 4G e Wi-Fi<br \/>\nUSB<br \/>\nUSB 3.1 Type-C<br \/>\nNFC<br \/>\nSim<br \/>\nBluetooth<br \/>\nVers\u00e3o 5.0 com A2DP\/LE<\/p>\n<p>Processador<br \/>\nVelocidade<br \/>\n2.7Ghz + 2.3Ghz + 1.9Ghz Quad-Core<br \/>\nChip<br \/>\nSamsung Exynos 9 Octa 9820 (8nm)<\/p>\n<p>Chip<br \/>\nTipo<br \/>\nNano-SIM<br \/>\nQuantidade<br \/>\n2<\/p>\n<p>Tela<br \/>\nResolu\u00e7\u00e3o<br \/>\n1440&#215;3040 pixels<br \/>\nTipo<br \/>\nDynamic AMOLED<br \/>\nDensidade<br \/>\n551 ppi<br \/>\nTamanho<br \/>\n6.1&#8243;<\/p>\n<p>\u00eddeo<br \/>\nResolu\u00e7\u00e3o<br \/>\n4K UHD (3840&#215;2160 pixels) 60 fps<\/p>\n<p>Sistema Operacional<br \/>\nPlataforma<br \/>\nAndroid<br \/>\nVers\u00e3o<br \/>\n9.0 ou superior<\/p>\n","protected":false},"excerpt":{"rendered":"<h1 class=\"product__title js-product-name\">Samsung Galaxy S10 128GB Azul Outlet<\/h1>\n","protected":false},"featured_media":2783,"comment_status":"open","ping_status":"closed","template":"","meta":[],"product_cat":[45],"product_tag":[],"class_list":["post-2781","product","type-product","status-publish","has-post-thumbnail","hentry","product_cat-celular"],"_links":{"self":[{"href":"https:\/\/artwebsites.com.br\/eletronicos\/wp-json\/wp\/v2\/product\/2781","targetHints":{"allow":["GET"]}}],"collection":[{"href":"https:\/\/artwebsites.com.br\/eletronicos\/wp-json\/wp\/v2\/product"}],"about":[{"href":"https:\/\/artwebsites.com.br\/eletronicos\/wp-json\/wp\/v2\/types\/product"}],"replies":[{"embeddable":true,"href":"https:\/\/artwebsites.com.br\/eletronicos\/wp-json\/wp\/v2\/comments?post=2781"}],"version-history":[{"count":3,"href":"https:\/\/artwebsites.com.br\/eletronicos\/wp-json\/wp\/v2\/product\/2781\/revisions"}],"predecessor-version":[{"id":4061,"href":"https:\/\/artwebsites.com.br\/eletronicos\/wp-json\/wp\/v2\/product\/2781\/revisions\/4061"}],"wp:featuredmedia":[{"embeddable":true,"href":"https:\/\/artwebsites.com.br\/eletronicos\/wp-json\/wp\/v2\/media\/2783"}],"wp:attachment":[{"href":"https:\/\/artwebsites.com.br\/eletronicos\/wp-json\/wp\/v2\/media?parent=2781"}],"wp:term":[{"taxonomy":"product_cat","embeddable":true,"href":"https:\/\/artwebsites.com.br\/eletronicos\/wp-json\/wp\/v2\/product_cat?post=2781"},{"taxonomy":"product_tag","embeddable":true,"href":"https:\/\/artwebsites.com.br\/eletronicos\/wp-json\/wp\/v2\/product_tag?post=2781"}],"curies":[{"name":"wp","href":"https:\/\/api.w.org\/{rel}","templated":true}]}}