{"id":2774,"date":"2022-12-06T14:30:27","date_gmt":"2022-12-06T14:30:27","guid":{"rendered":"https:\/\/artwebsites.com.br\/eletronicos\/?post_type=product&#038;p=2774"},"modified":"2023-02-02T14:09:28","modified_gmt":"2023-02-02T14:09:28","slug":"console-nintendo-64-roxo","status":"publish","type":"product","link":"https:\/\/artwebsites.com.br\/eletronicos\/produto\/console-nintendo-64-roxo\/","title":{"rendered":"Console Nintendo 64 Roxo"},"content":{"rendered":"<h5 class=\"nome-produto titulo cor-secundaria\">Console Nintendo 64 Roxo (S\u00e9rie Multi-sabores: Uva) &#8211; Nintendo<\/h5>\n<p>O\u00a0Nintendo 64 foi\u00a0Considerado inovador na \u00e9poca de seu lan\u00e7amento, apresentando um processador gr\u00e1fico produzido pela Silicon Graphics, al\u00e9m disso, contava tamb\u00e9m com um processador de \u00e1udio muito avan\u00e7ado para a \u00e9poca, essas e outras caracter\u00edsticas despertaram o interesse dos gamers da \u00e9poca, tornando assim o console muito famoso no mundo gamer.<\/p>\n<p>O N64 trouxe tamb\u00e9m um controle inusitado em forma de M possuindo 3 manetes, e um lugar para colocar o Rumble Pak que fazia o controle vibrar e o Transfer Pak, que permitia a transfer\u00eancia de informa\u00e7\u00f5es entre os jogos do 64 com jogos de Game Boy. Com o console voc\u00ea pode reviver ou jogar pela primeira vez os grandes sucessos como Super Mario 64, PilotWings, The Legend of Zelda: Ocarina of Time, entre v\u00e1rios outros.<\/p>\n<h3>ESPECIFICA\u00c7\u00d5ES<\/h3>\n<ul>\n<li><strong>FABRICANTE:<\/strong>Nintendo<\/li>\n<li><strong>VOLTAGEM:<\/strong>110v<\/li>\n<li><strong>COR:<\/strong>Uva<\/li>\n<\/ul>\n<h3>GARANTIA<\/h3>\n<p>6 meses contra defeitos de fabrica\u00e7\u00e3o<\/p>\n<h3>PRODUTO<\/h3>\n<p>Em\u00a0\u00f3timas\u00a0condi\u00e7\u00f5es! Produto possui leves sinais do tempo, mas funciona perfeitamente.<\/p>\n<h3>EMBALAGEM<\/h3>\n<p>Em boas condi\u00e7\u00f5es! Possui leves avarias que n\u00e3o ir\u00e3o afetar a integridade do produto.<\/p>\n<h3>ITENS INCLUSOS<\/h3>\n<ul>\n<li>Console<\/li>\n<li>Controle<\/li>\n<li>Cabo AV<\/li>\n<li>Fonte<\/li>\n<\/ul>\n","protected":false},"excerpt":{"rendered":"<h1 class=\"nome-produto titulo cor-secundaria\">Console Nintendo 64 Roxo (S\u00e9rie Multi-sabores: Uva) &#8211; Nintendo<\/h1>\n","protected":false},"featured_media":2776,"comment_status":"open","ping_status":"closed","template":"","meta":[],"product_cat":[44],"product_tag":[],"class_list":["post-2774","product","type-product","status-publish","has-post-thumbnail","hentry","product_cat-game-console"],"_links":{"self":[{"href":"https:\/\/artwebsites.com.br\/eletronicos\/wp-json\/wp\/v2\/product\/2774","targetHints":{"allow":["GET"]}}],"collection":[{"href":"https:\/\/artwebsites.com.br\/eletronicos\/wp-json\/wp\/v2\/product"}],"about":[{"href":"https:\/\/artwebsites.com.br\/eletronicos\/wp-json\/wp\/v2\/types\/product"}],"replies":[{"embeddable":true,"href":"https:\/\/artwebsites.com.br\/eletronicos\/wp-json\/wp\/v2\/comments?post=2774"}],"version-history":[{"count":3,"href":"https:\/\/artwebsites.com.br\/eletronicos\/wp-json\/wp\/v2\/product\/2774\/revisions"}],"predecessor-version":[{"id":4604,"href":"https:\/\/artwebsites.com.br\/eletronicos\/wp-json\/wp\/v2\/product\/2774\/revisions\/4604"}],"wp:featuredmedia":[{"embeddable":true,"href":"https:\/\/artwebsites.com.br\/eletronicos\/wp-json\/wp\/v2\/media\/2776"}],"wp:attachment":[{"href":"https:\/\/artwebsites.com.br\/eletronicos\/wp-json\/wp\/v2\/media?parent=2774"}],"wp:term":[{"taxonomy":"product_cat","embeddable":true,"href":"https:\/\/artwebsites.com.br\/eletronicos\/wp-json\/wp\/v2\/product_cat?post=2774"},{"taxonomy":"product_tag","embeddable":true,"href":"https:\/\/artwebsites.com.br\/eletronicos\/wp-json\/wp\/v2\/product_tag?post=2774"}],"curies":[{"name":"wp","href":"https:\/\/api.w.org\/{rel}","templated":true}]}}