{"id":2376,"date":"2022-09-14T15:23:53","date_gmt":"2022-09-14T15:23:53","guid":{"rendered":"https:\/\/artwebsites.com.br\/adegao\/?page_id=2376"},"modified":"2023-05-04T14:33:57","modified_gmt":"2023-05-04T14:33:57","slug":"cart","status":"publish","type":"page","link":"https:\/\/artwebsites.com.br\/adegao\/cart\/","title":{"rendered":"cart"},"content":{"rendered":"\t\t<div data-elementor-type=\"wp-page\" data-elementor-id=\"2376\" class=\"elementor elementor-2376\" data-elementor-post-type=\"page\">\n\t\t\t\t\t\t\t<div class=\"elementor-element elementor-element-c131c0c e-flex e-con-boxed e-con e-parent\" data-id=\"c131c0c\" data-element_type=\"container\" data-settings=\"{&quot;background_background&quot;:&quot;classic&quot;,&quot;content_width&quot;:&quot;boxed&quot;}\" data-core-v316-plus=\"true\">\n\t\t\t\t\t<div class=\"e-con-inner\">\n\t\t\t\t<div class=\"elementor-element elementor-element-373c170 elementor-widget elementor-widget-image\" data-id=\"373c170\" data-element_type=\"widget\" data-widget_type=\"image.default\">\n\t\t\t\t<div class=\"elementor-widget-container\">\n\t\t\t<style>\/*! elementor - v3.16.0 - 17-10-2023 *\/\n.elementor-widget-image{text-align:center}.elementor-widget-image a{display:inline-block}.elementor-widget-image a img[src$=\".svg\"]{width:48px}.elementor-widget-image img{vertical-align:middle;display:inline-block}<\/style>\t\t\t\t\t\t\t\t\t\t\t\t<img loading=\"lazy\" decoding=\"async\" width=\"300\" height=\"154\" src=\"https:\/\/artwebsites.com.br\/adegao\/wp-content\/uploads\/2023\/03\/logo-branco-300x154.png\" class=\"attachment-medium size-medium wp-image-3609\" alt=\"\" srcset=\"https:\/\/artwebsites.com.br\/adegao\/wp-content\/uploads\/2023\/03\/logo-branco-300x154.png 300w, https:\/\/artwebsites.com.br\/adegao\/wp-content\/uploads\/2023\/03\/logo-branco.png 559w\" sizes=\"(max-width: 300px) 100vw, 300px\" \/>\t\t\t\t\t\t\t\t\t\t\t\t\t\t\t<\/div>\n\t\t\t\t<\/div>\n\t\t\t\t<div class=\"elementor-element elementor-element-ec01f86 elementor-widget elementor-widget-heading\" data-id=\"ec01f86\" data-element_type=\"widget\" data-widget_type=\"heading.default\">\n\t\t\t\t<div class=\"elementor-widget-container\">\n\t\t\t<style>\/*! elementor - v3.16.0 - 17-10-2023 *\/\n.elementor-heading-title{padding:0;margin:0;line-height:1}.elementor-widget-heading .elementor-heading-title[class*=elementor-size-]>a{color:inherit;font-size:inherit;line-height:inherit}.elementor-widget-heading .elementor-heading-title.elementor-size-small{font-size:15px}.elementor-widget-heading .elementor-heading-title.elementor-size-medium{font-size:19px}.elementor-widget-heading .elementor-heading-title.elementor-size-large{font-size:29px}.elementor-widget-heading .elementor-heading-title.elementor-size-xl{font-size:39px}.elementor-widget-heading .elementor-heading-title.elementor-size-xxl{font-size:59px}<\/style><h2 class=\"elementor-heading-title elementor-size-default\">Carrinho<\/h2>\t\t<\/div>\n\t\t\t\t<\/div>\n\t\t\t\t<div class=\"elementor-element elementor-element-172eed1 elementor-view-default elementor-widget elementor-widget-icon\" data-id=\"172eed1\" data-element_type=\"widget\" data-widget_type=\"icon.default\">\n\t\t\t\t<div class=\"elementor-widget-container\">\n\t\t\t\t\t<div class=\"elementor-icon-wrapper\">\n\t\t\t<div class=\"elementor-icon\">\n\t\t\t<i aria-hidden=\"true\" class=\"fas fa-shopping-cart\"><\/i>\t\t\t<\/div>\n\t\t<\/div>\n\t\t\t\t<\/div>\n\t\t\t\t<\/div>\n\t\t\t\t\t<\/div>\n\t\t\t\t<\/div>\n\t\t<div class=\"elementor-element elementor-element-15bae8d e-flex e-con-boxed e-con e-parent\" data-id=\"15bae8d\" data-element_type=\"container\" data-settings=\"{&quot;content_width&quot;:&quot;boxed&quot;}\" data-core-v316-plus=\"true\">\n\t\t\t\t\t<div class=\"e-con-inner\">\n\t\t\t\t\t<\/div>\n\t\t\t\t<\/div>\n\t\t\t\t\t\t\t<\/div>\n\t\t","protected":false},"excerpt":{"rendered":"<p>Carrinho Remover item Imagem de miniatura Produto Pre\u00e7o Quantidade Subtotal &times; Prato 21cm descart\u00e1vel 10un &#82;&#36;4,36 Prato 21cm descart\u00e1vel 10un quantidade &#82;&#36;61,04 &times; Cerveja Skol lata 269ml &#82;&#36;2,09 Cerveja Skol lata 269ml quantidade &#82;&#36;12,54 &times; Vodka Absolut garrafa 1lt &#82;&#36;75,00 Vodka Absolut garrafa 1lt quantidade &#82;&#36;150,00 Cupom: Aplicar cupom Atualizar carrinho Total no carrinho Subtotal [&hellip;]<\/p>\n","protected":false},"author":1,"featured_media":0,"parent":0,"menu_order":0,"comment_status":"closed","ping_status":"closed","template":"elementor_header_footer","meta":{"footnotes":""},"_links":{"self":[{"href":"https:\/\/artwebsites.com.br\/adegao\/wp-json\/wp\/v2\/pages\/2376"}],"collection":[{"href":"https:\/\/artwebsites.com.br\/adegao\/wp-json\/wp\/v2\/pages"}],"about":[{"href":"https:\/\/artwebsites.com.br\/adegao\/wp-json\/wp\/v2\/types\/page"}],"author":[{"embeddable":true,"href":"https:\/\/artwebsites.com.br\/adegao\/wp-json\/wp\/v2\/users\/1"}],"replies":[{"embeddable":true,"href":"https:\/\/artwebsites.com.br\/adegao\/wp-json\/wp\/v2\/comments?post=2376"}],"version-history":[{"count":115,"href":"https:\/\/artwebsites.com.br\/adegao\/wp-json\/wp\/v2\/pages\/2376\/revisions"}],"predecessor-version":[{"id":4104,"href":"https:\/\/artwebsites.com.br\/adegao\/wp-json\/wp\/v2\/pages\/2376\/revisions\/4104"}],"wp:attachment":[{"href":"https:\/\/artwebsites.com.br\/adegao\/wp-json\/wp\/v2\/media?parent=2376"}],"curies":[{"name":"wp","href":"https:\/\/api.w.org\/{rel}","templated":true}]}}